+ -4 + -3 - (2 - -1).
8
What is the value of 0 + ((4 - 1) + -5 - 0)?
-2
What is the value of (0 - -2) + -7 + -1?
-6
Calculate (6 - 13) + -4 + 7.
-4
Evaluate -32 + 26 - (-2 + -13 + 2).
7
Evaluate (2 + -3 - -1) + -3.
-3
Calculate -5 - (-12 + -1 - -2).
6
What is the value of (4 - 1) + (-3 - (-3 - -1))?
2
Evaluate -4 - (-10 + (-1 - -10)).
-3
Evaluate -4 + (1 - 0 - (5 + -5)).
-3
Evaluate -5 + 10 - (5 + 1) - 3.
-4
Evaluate -6 - -5 - -7 - (-1 + 0).
7
Calculate -2 + 6 + 4 + (-1 - -1).
8
Calculate (-2 - 0) + 7 + -4.
1
Calculate -3 + (5 - 9) - -11.
4
What is -3 - ((-12 - -1) + 3) - 0?
5
What is (-1 - 2 - 0) + 131 + -130?
-2
What is -6 - (-3 + 0 + -6)?
3
8 + 8 + -2 + -6 + -2
6
What is -1 + 2 + 6 + -8?
-1
Calculate (19 - 18) + 1 + -2.
0
Evaluate 4 + 10 + (-15 - 3).
-4
Calculate 13 + (0 + -7 - 9).
-3
Calculate (5 + -5 - -1) + -9 + 18.
10
What is -15 + (-3 - (-22 - -5)) + -7?
-8
Calculate 2 + -7 + (7 - 0).
2
What is (-8 - -4) + 8 - 1?
3
Evaluate -12 - (-8 + -5 + 7) - 2.
-8
What is the value of 3 + -4 + 4 + -1 + 0?
2
What is the value of -1 + -6 + 0 + -9 + 12?
-4
Evaluate -3 + 22 + -6 + -10.
3
Calculate (240 - 230) + (-1 - 15).
-6
2 + -4 - (1 - 5 - -2)
0
Evaluate -5 + -3 + (4 - (-4 + 5)).
-5
(-7 - (-4 - -6)) + 5
-4
What is the value of 2 + -6 - (-5 + -2) - -6?
9
What is -1 + -1 - (-2 + -2 + 9)?
-7
Evaluate 8 + (-1 - 8) + -3 + 10.
6
What is the value of (-1 - (5 - 7)) + -16 + 8?
-7
Evaluate -1 + (2 - -1) - 6.
-4
What is the value of (4 - (2 + 1)) + -4?
-3
(13 - 4) + (-6 - 11)
-8
0 + 0 + -5 - 0
-5
What is the value of (2 - 0) + 0 + -21 + 22?
3
What is (2 + -2 - 3) + 7 + -3?
1
What is 27 + -20 + -4 + 0?
3
(-2 - (22 + -16)) + 17 + -1
8
What is -1 + -1 - (1 + (1 - 5))?
1
Calculate 3 + 1 + 5 + -4.
5
Evaluate -13 + (12 - -7) + -16.
-10
Calculate -2 + 1 + -1 + -2 + 5.
1
Evaluate (-11 - -20) + -5 + -13.
-9
What is the value of -2 + -3 + -1 + (2 - -10)?
6
What is the value of 3 - (5 - -1 - -2)?
-5
-2 + 0 + (14 - 12)
0
Evaluate 4 + (-1 - (2 + -8) - 3).
6
Evaluate -85 - -80 - (-4 - 0).
-1
Calculate -4 + (9 - 3) + 2 + -5.
-1
What is the value of -1 + -2 + -1 + (10 - 3)?
3
3 - (6 + -1 + 1 - 0)
-3
What is (3 - -1) + -8 - -10?
6
What is 1 + 1 + -3 - (-5 + 2)?
2
What is 3 + (4 - (3 - 1)) + -5?
0
Calculate -2 - 3 - (4 + -5 + -10).
6
What is the value of -4 - (6 + -7 - 3)?
0
What is the value of 0 + -1 - (3 - 1 - -1)?
-4
What is the value of -11 + (-10 + 2 - -25)?
6
Calculate -4 + 1 - (-6 - 3 - -1).
5
Evaluate -4 + 5 + -2 + -5.
-6
What is the value of 2 - 8 - (-2 + 5 - 8)?
-1
What is -51 - -51 - (1 - -3)?
-4
What is the value of 2 - 16 - (-2 - 4)?
-8
What is -7 + 2 + (5 - 4) + 8?
4
Evaluate (9 - 10) + (-1 - (1 + -2)).
-1
What is (33 - 28) + 2 + 1 + -13?
-5
What is the value of -1 + 3 + -18 + 22?
6
Evaluate (1 - 3 - -6) + -7.
-3
What is -2 + (8 - 7) + -2 + -1?
-4
What is the value of 7 + -11 + 4 + 1 + -1?
0
What is -5 + 0 - -1 - (-8 - -2)?
2
3 - (2 + -6 + 10)
-3
What is 0 - ((1 + -2 - -1) + 1)?
-1
What is 4 + -1 + 0 + -2?
1
Evaluate -7 - ((8 - (-3 - -5)) + -10).
-3
4 + 2 + -7 + (5 - -1)
5
1 - (1 - (-5 + 0 + 10))
5
Calculate 5 - 5 - (5 + -1).
-4
Calculate 6 + -5 + (6 - 8) + 8.
7
What is the value of -10 - (-6 + 4 - -2) - -5?
-5
Calculate (0 + -2 - -7) + (-4 - 3).
-2
(-1 - 0 - -4) + -3
0
What is -13 - (-4 + -3 - 1 - -5)?
-10
What is the value of -2 + (-4 - (-2 + (5 - 4)))?
-5
-1 + -1 - -3 - 3
-2
What is (-1 - -5) + -9 + 7?
2
Calculate 23 - 23 - (-6 + 1) - 7.
-2
Evaluate (-7 - -14) + -2 - 1.
4
-2 - 0 - (29 + -30)
-1
(1 - 4) + (17 - 12)
2
Evaluate 2 - (-7 + -3 - -5).
7
Calculate (7 - 7) + 1 + 1 - 3.
-1
Calculate (3 - (-2 - -4)) + 1.
2
What is the value of 1 + -7 + (6 - (13 - 7))?
-6
What is the value of (1 - -2) + (-1 - 0)?
2
-1 + (1 - 2 - -2) - 2
-2
What is -8 + 1 + 12 + 4?
9
Evaluate 0 + 2 + (5 - 6) + 3.
4
What is the value of -9 + 6 + 6 - -6?
9
Calculate (13 - 4 - -4) + -17.
-4
What is (-7 - 0 - (-2 + 0)) + 0?
-5
What is 5 + -5 + (6 + -3 - 2)?
1
Evaluate 27 + -24 - (-3 - -1).
5
(2 + -3 - 5) + 11
5
What is 0 + -6 - (-13 - -10)?
-3
Evaluate -5 + (4 - (0 + 0)).
-1
What is the value of 1 + -4 + (-11 - -7) + 8?
1
Calculate -170 - -165 - (-5 + 0 + 0).
0
What is -1 + -3 + 6 - 8?
-6
Evaluate 8 + (-3 - (1 + -2) - 2).
4
What is -2 + 0 - (9 - 15)?
4
What is -2 - (-1 - (1 - 5))?
-5
4 + 0 + -1 - 1 - 7
-5
Calculate (-6 - 3 - -4) + 1.
-4
Calculate (-2 + -2 - -6) + -4.
-2
What is the value of (1 - -1) + (-18 - -19)?
3
Evaluate 5 - 6 - (-2 + -6 + 3).
4
What is the value of 10 - ((8 - 7) + 4)?
5
Evaluate 4 + -2 - (1 + 3).
-2
10 + -6 + 0 - 4
0
Calculate (-5 - 0 - -12) + (17 - 20).
4
What is the value of -3 + 1 - ((-7 - -5) + -2)?
2
Calculate -8 + 11 - 9 - -1.
-5
Evaluate (2 + -3 - 2) + (-3 - -3).
-3
What is -1 + 3 - (2 + (0 - 0))?
0
-7 + (7 - 2) + 3
1
Calculate 3 + (2 - (-4 + 12)).
-3
Evaluate -3 + 1 + 2 + 4.
4
What is 2 - (4 - 5) - 0?
3
What is -3 - (1 - -1) - (-23 - -18)?
0
-109 + 117 - (0 + 12)
-4
What is (-5 + 5 - 0) + (-3 - 1)?
-4
What is -2 - (11 - (3 + 5))?
-5
-1 - (1 + -7 + 10)
-5
What is -3 + 5 + 2 - 9 - -3?
-2
What is the value of 8 - (-6 - -3 - (-11 + 5))?
5
Calculate 2 - (10 + (1 - -1) + -5).
-5
Evaluate (-2 - -1) + (15 + -13 - 5).
-4
Evaluate 4 + (6 + -6 - 4).
0
What is the value of 4 + (-6 - 0) + 0?
-2
What is the value of -1 - (-1 + 1 - (18 + -14))?
3
-3 - (2 - 3) - 1
-3
Evaluate 0 + 4 + -5 + -1.
-2
-4 - (-8 - (-3 - 3))
-2
Calculate -2 - -7 - (-2 + -1 + 4).
4
Calculate 6 + -4 - (-2 - 2 - -3).
3
(1 - 6) + -16 + 16
-5
Calculate (1 - -2) + -3 + 2.
2
Calculate 60 + -65 + -1 + 13.
7
What is the value of 5 + 1 + -9 - (1 + 1)?
-5
1 + 2 - ((-8 - -25) + -18)
4
What is the value of -4 - (-3 - 12) - 6?
5
Evaluate 0 + -5 + -3 + (-2 - -17).
7
What is -50 + 57 + (-4 - (0 - -1))?
2
4 + -2 + (-8 - 5 - -15)
4
Evaluate 1 - 5 - (21 - 22).
-3
What is (-7 - (14 - 12)) + 14?
5
Evaluate 6 - (-2 + 7) - -1.
2
Calculate 3 + (-3 - 5) + 4 + 4.
3
-8 + 3 - (9 - 10)
-4
-11 - (-12 - (-5 + 2))
-2
What is the value of 1 - (1 + -3 + -1 + 1)?
3
What is ((7 - -3) + -6 - -8) + -8?
4
What is the value of -6 + 2 + 0 + (0 - -2)?
-2
Evaluate -4 + (1 + 1 - (3 + -3)).
-2
What is -2 + -5 + (1 - -1)?
-5
(4 - 10 - -4 - 4) + 4
-2
Calculate 1 + (-1 - -1) - 4.
-3
2 + -3 - (-9 + 6) - 7
-5
Calculate 5 - (-9 + 5 - -3 - -4).
2
Evaluate -9 - (-7 + (0 - -3)).
-5
-6 - ((-11 - -6) + (-1 - 3))
3
What is the value of -9 + 7 + -3 - -6?
1
What is the value of -3 + 0 + -1 + 9 + -8?
-3
Evaluate (10 - -1) + -17 - -7.
1
What is the value of 58 + -61 + (2 - (0 - -5))?
-6
Calculate 2 + -2 + -6 + 4.
-2
Evaluate (-3 + 4 - -4) + -2.
3
Evaluate 2 + -10 + (3 - 0).
-5
Evaluate 8 - (-1 + 5) - (0 - -5).
-1
-5 - 0 - (13 - 16)
-2
What is 3 - (-5 + 2 + 4) - -1?
3
What is (-25 - -12 - -5) + 1?
-7
What is the value of (4 - 1) + (6 - (-13 + 16))?
6
3 - (1 + (4 - 1 - 0))
-1
0 - (0 + -3 + 0)
3
54 - 64 - ((0 - 2) + 1)
-9
What is 2 + (-8 - (-7 - 4))?
5
What is (2 - -1) + -6 - -10 - 4?
3
Evaluate 3 + -15 + 16 + 1.
5
Evaluate 0 - 7 - (0 + -19 + 16).
-4
Calculate -2 - -10 - (-1 + 3 + 2).
4
Calculate -4 + 0 + -5 + 14 + 1.
6
What is the value of -2 - (-22 - (7 + -14)) - 5?
8
What is (18 - 11 - 2) + -5?
0
What is the value of -3 + (7 - 0) + 2 + -3?
3
Evaluate 1 + 7 + 0 + -3.
5
What is -3 - (2 + (-13 - -5) - 6)?
9
What is 4 + -4 + -1 - 1?
-2
0 + 3 - 1 - (0 - 1)
3
-2 + (-8 - (-9 - -2))
-3
Calculate 1 + -7 + 2 + 4.
0
What is 0 + 7 + -3 + -3 + 4?
5
Evaluate (-8 - (-1 - 0)) + 2.
-5
Calculate -9 + 3 - (-3 + 6 - 10).
1
What is the value of (13 - 17) + (0 - -3)?
-1
-4 + (8 - (-4 + 6))
2
What is the value of (9 - 6) + 5 - (5 - 1)?
4
11 + (-1 - (24 - 11))
-3
Calculate 1 + 2 + 0 + 5 + -4.
4
-5 + 10 - ((-3 - -3) + 4)
1
-5 + -1 + 5 - -5 - 7
-3
6 - (5 + -17 - -25)
-7
What is the value of (3 - 4) + 1 + 3 - -2?
5
1 + -4 - (0 + -8)
5
Calculate 1 + 4 + -1 + -1.
3
What is -1 + (6 - 1) + 8 + -12?
0
What is the value of (-29 - -34) + 1 + -9?
-3
What is (-27 - (-12 - -6)) + 14?
-7
What is 4 - (-1 + 12 + (-5 - -3))?
-5
Calculate 1 + 2 + -2 + -5 + 1.
-3
What is -3 - 3 - (-2 - 1) - -5?
2
5 + -5 + -1 + 2
1
Evaluate -7 - -1 - -10 - 3.
1
Evaluate 4 - ((4 - 2) + 1).
1
Calculate 0 + 14 - (-72 - -79).
7
What is 0 - ((2 - -2 - 5) + 3)?
-2
Calculate 5 - 7 - 4 - (4 - 2).
-8
Calculate (-2 - -2) + 3 + -1 + 1.
3
What is 117 + -115 - (1 - -2 - -2)?
-3
Evaluate 8 + (4 + -7 + -6 - -2).
1
Calculate (-3 - 7) 